{"id":71,"date":"2022-01-30T20:17:20","date_gmt":"2022-01-30T20:17:20","guid":{"rendered":"https:\/\/educocktail.at\/?page_id=71"},"modified":"2022-01-30T22:56:05","modified_gmt":"2022-01-30T22:56:05","slug":"lernmodule","status":"publish","type":"page","link":"https:\/\/educocktail.at\/?page_id=71","title":{"rendered":"Lernmodule"},"content":{"rendered":"\n<figure class=\"wp-block-image size-large is-resized\"><img loading=\"lazy\" src=\"https:\/\/educocktail.at\/wp-content\/uploads\/2022\/01\/TEIL-Buecherwurm-hamza-nouasria-KXrvPthkmYQ-unsplash-1024x415.jpg\" alt=\"\" class=\"wp-image-121\" width=\"626\" height=\"254\" srcset=\"https:\/\/educocktail.at\/wp-content\/uploads\/2022\/01\/TEIL-Buecherwurm-hamza-nouasria-KXrvPthkmYQ-unsplash-1024x415.jpg 1024w, https:\/\/educocktail.at\/wp-content\/uploads\/2022\/01\/TEIL-Buecherwurm-hamza-nouasria-KXrvPthkmYQ-unsplash-300x122.jpg 300w, https:\/\/educocktail.at\/wp-content\/uploads\/2022\/01\/TEIL-Buecherwurm-hamza-nouasria-KXrvPthkmYQ-unsplash-768x311.jpg 768w, https:\/\/educocktail.at\/wp-content\/uploads\/2022\/01\/TEIL-Buecherwurm-hamza-nouasria-KXrvPthkmYQ-unsplash-1536x622.jpg 1536w, https:\/\/educocktail.at\/wp-content\/uploads\/2022\/01\/TEIL-Buecherwurm-hamza-nouasria-KXrvPthkmYQ-unsplash-2048x830.jpg 2048w\" sizes=\"(max-width: 626px) 100vw, 626px\" \/><\/figure>\n\n\n\n<p>Laufende neue Erkenntnisse in der wissenschaftlichen Forschung zur P\u00e4dagogik animieren zur regelm\u00e4\u00dfigen Weiterbildung. Folgende Lernmodule stehen zur Verf\u00fcgung:<\/p>\n\n\n\n<p><\/p>\n","protected":false},"excerpt":{"rendered":"<p>Laufende neue Erkenntnisse in der wissenschaftlichen Forschung zur P\u00e4dagogik animieren zur regelm\u00e4\u00dfigen Weiterbildung. Folgende Lernmodule stehen zur Verf\u00fcgung:<\/p>\n","protected":false},"author":2,"featured_media":0,"parent":0,"menu_order":0,"comment_status":"closed","ping_status":"closed","template":"","meta":[],"_links":{"self":[{"href":"https:\/\/educocktail.at\/index.php?rest_route=\/wp\/v2\/pages\/71"}],"collection":[{"href":"https:\/\/educocktail.at\/index.php?rest_route=\/wp\/v2\/pages"}],"about":[{"href":"https:\/\/educocktail.at\/index.php?rest_route=\/wp\/v2\/types\/page"}],"author":[{"embeddable":true,"href":"https:\/\/educocktail.at\/index.php?rest_route=\/wp\/v2\/users\/2"}],"replies":[{"embeddable":true,"href":"https:\/\/educocktail.at\/index.php?rest_route=%2Fwp%2Fv2%2Fcomments&post=71"}],"version-history":[{"count":4,"href":"https:\/\/educocktail.at\/index.php?rest_route=\/wp\/v2\/pages\/71\/revisions"}],"predecessor-version":[{"id":123,"href":"https:\/\/educocktail.at\/index.php?rest_route=\/wp\/v2\/pages\/71\/revisions\/123"}],"wp:attachment":[{"href":"https:\/\/educocktail.at\/index.php?rest_route=%2Fwp%2Fv2%2Fmedia&parent=71"}],"curies":[{"name":"wp","href":"https:\/\/api.w.org\/{rel}","templated":true}]}}